vide 492?
True
Does 7 divide 145?
False
Does 16 divide 1059?
False
Does 72 divide 54648?
True
Does 8 divide 520?
True
Is 3344 a multiple of 38?
True
Is 12 a factor of 816?
True
Is 19 a factor of 2814?
False
Does 38 divide 24811?
False
Is 6 a factor of 750?
True
Is 4971 a multiple of 39?
False
Does 40 divide 5006?
False
Is 91 a factor of 91?
True
Is 46970 a multiple of 61?
True
Is 7 a factor of 181?
False
Does 150 divide 2427?
False
Is 200 a multiple of 50?
True
Is 1464 a multiple of 4?
True
Is 66 even?
True
Does 18 divide 378?
True
Is 1099 a multiple of 60?
False
Is 2448 a multiple of 68?
True
Is 38 a factor of 1809?
False
Is 72 a multiple of 7?
False
Does 91 divide 8514?
False
Does 42 divide 5670?
True
Does 35 divide 73815?
True
Is 37 a factor of 33973?
False
Does 124 divide 31807?
False
Is 71 a factor of 1065?
True
Is 19 a factor of 34223?
False
Is 17 a factor of 1435?
False
Does 229 divide 16488?
True
Is 288 a multiple of 13?
False
Is 8084 a multiple of 43?
True
Does 32 divide 2304?
True
Is 7 a factor of 64072?
False
Is 11 a factor of 11308?
True
Does 16 divide 9892?
False
Is 32 a factor of 832?
True
Is 54 a factor of 5724?
True
Is 53 a factor of 530?
True
Is 1150 a multiple of 18?
False
Does 3 divide 190?
False
Is 294 a multiple of 7?
True
Is 12366 a multiple of 18?
True
Does 6 divide 426?
True
Does 4 divide 5312?
True
Is 25 a factor of 2075?
True
Is 36016 a multiple of 126?
False
Is 9 a factor of 1560?
False
Is 1320 a multiple of 18?
False
Is 9388 a multiple of 19?
False
Does 215 divide 5888?
False
Does 3 divide 1227?
True
Is 1595 a multiple of 5?
True
Does 7 divide 8197?
True
Is 61 a factor of 139?
False
Does 10 divide 2099?
False
Is 9780 a multiple of 9?
False
Is 1665 a multiple of 15?
True
Is 4 a factor of 500?
True
Does 19 divide 13776?
False
Is 15 a factor of 105?
True
Is 3381 a multiple of 69?
True
Does 19 divide 1055?
False
Is 26 a factor of 546?
True
Is 15 a factor of 47895?
True
Is 189 a multiple of 7?
True
Does 24 divide 18157?
False
Is 24 a factor of 25063?
False
Does 13 divide 4173?
True
Is 214 a factor of 53714?
True
Does 13 divide 17236?
False
Does 14 divide 1026?
False
Is 12 a factor of 5904?
True
Does 6 divide 804?
True
Is 39 a multiple of 13?
True
Is 425 a multiple of 25?
True
Is 161 a multiple of 18?
False
Is 289 a factor of 5186?
False
Is 1452 a multiple of 33?
True
Does 18 divide 90?
True
Is 1556 a multiple of 22?
False
Is 88 a factor of 2345?
False
Is 277 a multiple of 16?
False
Is 10 a factor of 831?
False
Is 5670 a multiple of 81?
True
Is 7802 a multiple of 83?
True
Is 35 a factor of 931?
False
Does 34 divide 408?
True
Is 42960 a multiple of 120?
True
Does 13 divide 14170?
True
Is 9 a factor of 427?
False
Does 18 divide 489?
False
Is 11 a factor of 13760?
False
Is 18 a factor of 63992?
False
Is 9332 a multiple of 4?
True
Is 7124 a multiple of 13?
True
Is 132 a multiple of 6?
True
Is 304 a multiple of 4?
True
Is 793 a multiple of 9?
False
Is 198 a multiple of 18?
True
Is 102 a factor of 10371?
False
Is 522 a multiple of 29?
True
Is 3298 a multiple of 194?
True
Does 53 divide 106265?
True
Is 13 a factor of 141303?
False
Is 13 a factor of 1365?
True
Is 12 a factor of 5917?
False
Does 3 divide 8362?
False
Is 23124 a multiple of 141?
True
Is 1210 a multiple of 22?
True
Is 1824 a multiple of 16?
True
Is 154 a factor of 12936?
True
Is 11 a factor of 6220?
False
Is 14 a factor of 148890?
True
Is 22897 a multiple of 36?
False
Does 16 divide 43874?
False
Is 8019 a multiple of 169?
False
Does 164 divide 10496?
True
Does 132 divide 28644?
True
Is 56 a multiple of 11?
False
Does 109 divide 11162?
False
Is 2750 a multiple of 55?
True
Is 4618 a multiple of 27?
False
Is 48 a factor of 1840?
False
Does 50 divide 2450?
True
Does 18 divide 169?
False
Is 68 a factor of 89?
False
Is 30 a factor of 480?
True
Does 8 divide 296?
True
Is 13 a factor of 2314?
True
Does 14 divide 155?
False
Is 5569 a multiple of 25?
False
Is 117407 a multiple of 58?
False
Does 8 divide 20912?
True
Is 618 a multiple of 3?
True
Is 10 a factor of 320?
True
Does 12 divide 8388?
True
Is 19332 a multiple of 358?
True
Is 16 a factor of 7280?
True
Is 16 a factor of 432?
True
Does 68 divide 3853?
False
Is 46 a factor of 50374?
False
Does 51 divide 14076?
True
Is 18 a factor of 31091?
False
Is 86 a factor of 1462?
True
Is 7542 a multiple of 18?
True
Is 29664 a multiple of 144?
True
Does 6 divide 5628?
True
Is 58 a factor of 4596?
False
Does 10 divide 500?
True
Does 47 divide 18518?
True
Does 39 divide 1814?
False
Is 69 a factor of 88248?
False
Is 227 a factor of 22948?
False
Is 4 a factor of 2169?
False
Is 105 a factor of 37320?
False
Does 12 divide 58?
False
Is 376 a multiple of 13?
False
Does 54 divide 43484?
False
Does 103 divide 2037?
False
Is 24 a factor of 296?
False
Does 75 divide 1258?
False
Is 5157 a multiple of 105?
False
Is 800 a multiple of 32?
True
Is 208 a multiple of 17?
False
Does 5 divide 7575?
True
Is 2664 a multiple of 9?
True
Does 2 divide 54?
True
Does 2 divide 72?
True
Is 41044 a multiple of 45?
False
Does 78 divide 10062?
True
Does 48 divide 4320?
True
Is 1026 a multiple of 27?
True
Is 24 a factor of 3696?
True
Is 3 a factor of 7911?
True
Does 8 divide 19904?
True
Does 65 divide 15080?
True
Is 922 a multiple of 12?
False
Is 42 a factor of 378?
True
Is 116 a factor of 34321?
False
Does 3 divide 844?
False
Is 12269 a multiple of 73?
False
Is 966 a multiple of 46?
True
Is 8080 a multiple of 5?
True
Is 9 a factor of 1332?
True
Is 910 a multiple of 65?
True
Does 17 divide 5542?
True
Is 43 a factor of 8213?
True
Does 83 divide 15438?
True
Is 21948 a multiple of 236?
True
Does 31 divide 43008?
False
Is 152 a multiple of 39?
False
Is 199 a factor of 13347?
False
Is 16968 a multiple of 14?
True
Is 8 a factor of 824?
True
Does 171 divide 17535?
False
Does 147 divide 88485?
False
Does 75 divide 724?
False
Is 26818 a multiple of 11?
True
Does 9 divide 3573?
True
Is 194 a factor of 11834?
True
Does 16 divide 502?
False
Is 30 a factor of 450?
True
Does 7 divide 397?
False
Does 46 divide 3856?
False
Does 6 divide 207?
False
Does 16 divide 26416?
True
Is 1078 a multiple of 77?
True
Is 109 a factor of 2180?
True
Does 15 divide 60?
True
Is 5 a factor of 40?
True
Is 62 a factor of 1550?
True
Is 173 a factor of 62453?
True
Does 12 divide 539?
False
Does 21 divide 37041?
False
Does 61 divide 549?
True
Is 174 a factor of 25116?
False
Is 8 a factor of 528?
True
Is 6677 a multiple of 11?
True
Is 477 a multiple of 53?
True
Is 54 a factor of 2722?
False
Is 2874 a multiple of 14?
False
Is 30246 a multiple of 34?
False
Does 23 divide 2162?
True
Is 1571 a multiple of 32?
False
Is 57 a factor of 45908?
False
Does 52 divide 915?
False
Is 33 a factor of 15642?
True
Is 2610 a multiple of 5?
True
Is 15 a factor of 795?
True
Is 13 a factor of 61984?
True
Does 8 divide 3669?
False
Is 76 a factor of 13764?
False
Does 10 divide 550?
True
Does 58 divide 1218?
True
Is 6 a factor of 3012?
True
Does 189 divide 18921?
False
Is 25 a factor of 170650?
True
Does 9 divide 397?
False
Is 31 a factor of 29078?
True
Is 116 a multiple of 4?
True
Is 21 a factor of 105?
True
Does 128 divide 11375?
False
Is 14429 a multiple of 115?
False
Is 171 a factor of 424?
False
Is 2287 even?
False
Is 19510 a multiple of 24?
False
Is 11694 a multiple of 24?
False
Is 4550 a multiple of 65?
True
Is 8 a factor of 688?
True
Does 24 divide 1188?
False
Is 3056 a multiple of 24?
False
Is 7 a factor of 4210?
False
Is 6860 a multiple of 10?
True
Does 191 divide 24830?
True
Is 1754 a multiple of 4?
False
Is 1329 a multiple of 15?
False
Is 58 a factor of 522?
True
Is 50 a factor of 32103?
False
Is 10569 a multiple of 13?
True
Does 38 divide 456?
True
Is 632 a multiple of 20?
False
Is 9262 a multiple of 88?
False
Does 19 divide 760?
True
Does 11 divide 572?
True
Is 50 a factor of 10967?
False
Is 20 a factor of 22635?
False
Is 5279 a multiple of 107?
False
Is 2862 even?
True
Is 402 a multiple of 16?
False
Is 11080 a multiple of 17?
False
Does 6 divide 19101?
False
Is 227 a multiple of 20?
False
Does 11 divide 19085?
True
Does 9 divide 951?
False
Is 17 a multiple of 5?
False
Is 27973 a multiple of 14?
False
Does 150 divide 5042?
False
Is 119 a multiple of 17?
True
Is 28665 a multiple of 41?
False
Is 260 a multiple of 26?